 is the units digit of 12/u + (-6)/q?
9
Suppose 5*d = -0*d. Suppose d = 5*b + 4*x - 29 + 1724, -b = 3*x + 350. What is the units digit of (-1)/(-4) - b/20?
7
Suppose 137 = 2*u - 53. What is the tens digit of (u/(-4) + -1)/((-2)/8)?
9
Let u = -18 - -22. Let p = 100 - 25. Suppose -u*c + p = 11. What is the units digit of c?
6
Let a(p) = 819*p + 8. Let c be a(13). What is the units digit of 4*4/72 - c/(-45)?
7
Suppose -2*h + 21 = 4*t - h, 0 = -3*h - 9. Let s = -9 + t. Let v = -1 - s. What is the units digit of v?
2
Suppose -4*i = -327 + 1031. Let s = 64 - i. What is the hundreds digit of s?
2
Let s(o) = 2*o**2 - 20*o - 18. Let h be s(11). Let i(q) = 18*q - 5. What is the tens digit of i(h)?
6
Let r(w) = -42*w + 145. What is the units digit of r(-6)?
7
Suppose -11*n = 28*n - 101673. What is the thousands digit of n?
2
What is the hundreds digit of ((-721)/(-21))/(2/144) + -7?
4
Suppose 2*i + 15 = -3*i. Let k be 6 + (-5)/((-5)/i). Suppose 2*l - 4 - k = -z, -l + 2 = 2*z. What is the units digit of l?
4
Let c be (-163)/(-2) + (-6)/4. Suppose -3*x + 0*x = 5*y + 6, -5*y - 4*x = 8. Suppose y = -6*u + u + c. What is the tens digit of u?
1
Let w = 174 + -21. What is the units digit of w?
3
Suppose -4*p + 11 = 2*c - 7*c, -3*c = -5*p + 17. Let u(q) = -5*q + 6 + 4*q + 0*q. What is the units digit of u(p)?
2
Suppose 18*f - 19*f = -3. Suppose r = -f*r + 24. What is the units digit of r?
6
Let u(q) = -q**3 - 3*q**2 + 12 - 12 - 7 - 12*q. Let w be u(-6). Let r = w - 119. What is the tens digit of r?
5
Let n = -9933 - -14214. What is the thousands digit of n?
4
Suppose -12*l = -4*l - 24. Suppose l*b - 183 = -60. What is the tens digit of b?
4
Suppose 0 = -5*i - 3*c + 262, -c - 2*c - 3 = 0. Suppose -5*w + i = -397. What is the units digit of w?
0
Suppose -5*b - 3*f + 3978 = 0, 5*b - 3976 = -2*f + f. What is the hundreds digit of b?
7
Let l = 1280 - 774. What is the hundreds digit of l?
5
Let r(t) be the first derivative of 1/4*t**4 - 7/3*t**3 + 9*t + 1/2*t**2 - 6. What is the tens digit of r(7)?
1
What is the tens digit of (-5704)/(-4) + -6 + (5 - 1)?
2
Suppose 4*a - 8 = -d + 3, 2*d - 4 = a. Suppose 5*w - n + 62 = 0, w + a*n = 5*w + 52. Let q(r) = -r**2 - 14*r. What is the units digit of q(w)?
4
Suppose 4783 = 4*v + 5*w - 7229, 4*v - w = 12012. What is the tens digit of v?
0
Let s(q) = -q**2 + 7*q - 24. Let w be s(6). What is the units digit of 17 + (-3)/2*(-24)/w?
5
Suppose 41*n - 57*n + 6256 = 0. What is the hundreds digit of n?
3
Suppose 13*o = 7097 + 6449. What is the units digit of o?
2
Let g = -3158 + 5227. What is the units digit of g?
9
Let z = -113 + 118. Suppose -3*m - z*y = -8*y - 618, 0 = -3*y. What is the units digit of m?
6
Let n(j) = -j**3 + 13*j**2 - 9*j + 14. Let h be n(11). Suppose 5*z - 4*x - 350 = 0, -z + 5*x = z - h. What is the tens digit of z?
6
Suppose -12*f + 4870 = -2*f. What is the hundreds digit of f?
4
Suppose 4*a = 2*d - 5*d + 1028, 4*d - a - 1377 = 0. What is the hundreds digit of d?
3
Let k = -42 + 562. What is the tens digit of k?
2
Suppose 2*o = 5*o + 3. Let c be ((-36)/8)/(o/2). Suppose 5*v + 1 = -g, 6 = g + v - c. What is the tens digit of g?
1
Let b(t) = 4*t**2 + t - 17. Let o(p) = 3*p**2 + p - 16. Let j(k) = 4*b(k) - 5*o(k). What is the tens digit of j(8)?
6
Suppose 3*y = k + 1097, -2 = k - 6. What is the units digit of y?
7
Let h(v) = -v**3 + 11*v**2 - 12*v - 5. Let n be h(10). Let q = -65 + n. Let o = q - -129. What is the tens digit of o?
3
Let m = 45 - 43. Suppose 3*p = c - 14, 28 - 10 = 5*c - m*p. What is the units digit of c?
2
Let w = 229 + 3. Let y be (4 - w/12)*-6. Suppose 2*z + y = 3*q - 2*z, -5*q + z = -159. What is the tens digit of q?
3
Suppose 0 = 5*h + 3*n - 174, -h + 2*n = 2*h - 112. Let f = h - 20. Let w = -12 + f. What is the units digit of w?
4
Let r be 28/7 + -1 + -35. Let m be (22/(-3))/(r/48). Suppose 104 = m*x - 9*x. What is the units digit of x?
2
What is the tens digit of 87/18*170 - 6/9?
2
Suppose 3 = 4*s - 1. Let c be ((-20*s)/1)/(-2). Suppose 6*i - i = c. What is the units digit of i?
2
Let b = 5166 - 2770. What is the thousands digit of b?
2
Let x = -186 - -715. What is the hundreds digit of x?
5
Suppose 15 = o + 5*a, 4*o + a - 12 = -9. Let q(z) be the third derivative of z**6/120 - z**4/24 + 8*z**3 - z**2. What is the units digit of q(o)?
8
Suppose 0*v + 18 = 2*v. Let h be (-6)/v + (-14)/6. What is the units digit of (4 - 2) + (h - -12)?
1
Suppose -4986 = -3*l + 3*n, -3*l + 23*n = 28*n - 5026. What is the thousands digit of l?
1
What is the hundreds digit of 1740/(-9)*((-124)/20 - -5)?
2
Let j(o) = -o**2 - 122. Let x be (0 + -3 + 3)/(-3). Let h be j(x). What is the tens digit of (-7 + 9)*h/(-4)?
6
Suppose -4*a - 5*c + 1092 = -4*c, c - 544 = -2*a. What is the tens digit of a?
7
Let h(c) = -c**2 + 9*c - 11. Suppose -6*s + 8 = -22. What is the units digit of h(s)?
9
Let m = -295 - -638. What is the tens digit of m?
4
Let b(p) = p**2 - 12*p + 9. Let w be b(13). Suppose -690 = -8*t + w. What is the tens digit of t?
8
Suppose 5*s + 3*h + 18 = 0, s = -3*s + 3*h - 9. What is the units digit of ((-174)/2)/(s/3)?
7
Suppose w - 27 = 2*j + 51, 3*w - 244 = -4*j. Let l be (w/(-70))/(2/(-7)). Suppose -3*f = -3*o - 135, -l*f + 2*f - 5*o + 55 = 0. What is the tens digit of f?
4
Let p(j) = 3*j**2 - 48*j + 18. What is the units digit of p(22)?
4
Let l(z) = 24*z**2 - 3*z + 2. What is the tens digit of l(1)?
2
Let b(j) = j**2 + 8*j - 6. Let p be b(-10). What is the units digit of 2/p - 492/(-84)?
6
Let t(a) = -a. Let o = 173 - 118. Suppose 2*j - o = 5*d, d + j = 4*j - 11. What is the tens digit of t(d)?
1
Let k = 46 - -84. Suppose 0 = u + 5*c + 22, -2*u + 11 = -5*u - 4*c. Suppose -3*b + 2*b - k = -3*q, -u*q + 122 = b. What is the tens digit of q?
4
Let z(c) = c**3 - 5*c**2 + 6*c - 6. Let b(h) = 3*h - 6. Let v(y) = -8*y + 18. Let d(i) = -14*b(i) - 5*v(i). Let l be d(-5). What is the units digit of z(l)?
2
Suppose 809 = 1771*a - 1770*a. What is the hundreds digit of a?
8
Suppose -5*h = -840 - 1285. What is the tens digit of h?
2
Let c(k) = -9*k - 2. Let s be c(-1). Let f = 14 - s. Suppose i - f = -3*z + 44, 5*i - 195 = 5*z. What is the tens digit of i?
4
Let l(r) = -r**3 + 9*r**2 - r + 13. Let d be l(9). Suppose -2*i + 96 = 5*m - 72, -d*i = -m - 336. What is the tens digit of i?
8
Let j(w) = -w**2 - 8*w + 37. Let p be j(-11). Suppose -3*o + 89 = 4*i, 57 = -3*o + p*i + 178. What is the tens digit of o?
3
Suppose 120 - 360 = 6*p. Let z = 9 - p. What is the units digit of z?
9
Let k = 4 - -28. Suppose -4*y - 3*z + 2 = -3*y, 5*y + 4*z - k = 0. What is the units digit of y?
8
Suppose -4*o = -5*n - 3431, n = o - 2*n - 856. What is the hundreds digit of o?
8
Let p(s) = -s**3 + 2*s**2 + s. Let c be p(-1). Suppose -y + 3 - c = 0. What is the tens digit of (-23)/((-3)/(2 + y))?
2
Suppose -280 = -14*l + 1946. Suppose -19 = -j + l. What is the hundreds digit of j?
1
Suppose -3*b + b = -746. Suppose -5*d - z - b = 0, 3*d - 3*z = -d - 306. Let p = -49 - d. What is the units digit of p?
6
Let n be ((-1)/(-2))/((-6)/(-1896)). Suppose m - 107 = -3*d + n, -2*m = 4. What is the tens digit of d?
8
Let v(q) = 53*q**2 + 3*q - 1. Let y be v(-2). Suppose w - 4*b = 41, 6*w + 5*b - y = w. What is the tens digit of w?
4
Let i be 190/(-20) + (-1)/2. Let k = i + 13. Suppose k*m + 3*r = 7*r + 168, -3*m + 195 = 5*r. What is the tens digit of m?
6
Let l be ((4/(-6))/(-2))/(13/156). Suppose -2*p = l*p - 564. What is the units digit of p?
4
Let g = -11 + 5. Let c(y) = y**2 - y - 3. Let o be c(g). Let q = o + 1. What is the tens digit of q?
4
Suppose 3*u - l - 12690 = 1397, 4*l = 16. What is the tens digit of u?
9
What is the tens digit of 272/3 + 2 - (-60)/(-90)?
9
Suppose -41*c + 22405 = -22777. What is the units digit of c?
2
Suppose -23*h + 8*h + 23415 = 0. What is the hundreds digit of h?
5
Let x(a) = -195*a**2 + 16*a - 6. Let s(q) = -65*q**2 + 5*q - 2. Let j(l) = -7*s(l) + 2*x(l). What is the hundreds digit of j(2)?
2
Let o = -68 - -125. Let r = -1 + 2. What is the tens digit of 30/40*(o - r)?
4
Suppose -3*j = -5*j + 6. Suppose -2*b - 5 = j*h - 21, 5*h - b = 18. Suppose -h*z + 0*o + 124 = -3*o, -62 = -2*z + 4*o. What is the units digit of z?
1
Let k(v) be the first derivative of 3*v**2/2 + 7*v - 10. What is the units digit of k(3)?
6
Let s = 96